base 13, what is 55a - -3?
560
In base 15, what is -10a - -2?
-108
In base 13, what is 6 + -24?
-1b
In base 10, what is 3 + -16?
-13
In base 5, what is 12004 - 10?
11444
In base 15, what is 5 - -4?
9
In base 5, what is -4120 - 0?
-4120
In base 10, what is -894 + -4?
-898
In base 10, what is 1821 + 5?
1826
In base 16, what is 0 - 31?
-31
In base 13, what is -b + -26?
-34
In base 8, what is 12213 + -4?
12207
In base 15, what is 2 - -3e3?
3e5
In base 13, what is 0 - 42?
-42
In base 15, what is -4 + -2a?
-2e
In base 9, what is -15 + 15?
0
In base 3, what is 101111 - 0?
101111
In base 6, what is -230 + 23?
-203
In base 12, what is -2 - -1407?
1405
In base 12, what is -5 + -5?
-a
In base 11, what is -939 + -2?
-940
In base 4, what is 0 + -32?
-32
In base 3, what is 102 - -102?
211
In base 8, what is -4 + 41?
35
In base 6, what is -100 - 2?
-102
In base 6, what is -1 + -45?
-50
In base 9, what is -17 + 0?
-17
In base 6, what is 5 - 14153?
-14144
In base 13, what is -2b17 + 0?
-2b17
In base 16, what is b - 9?
2
In base 9, what is -7 - 74?
-82
In base 6, what is 5 + 502?
511
In base 14, what is 41 - -7?
48
In base 6, what is 105 - -15?
124
In base 9, what is -264 - -1?
-263
In base 6, what is -4 + -524?
-532
In base 12, what is 45 + 5?
4a
In base 4, what is 122330 + -20?
122310
In base 15, what is -276 - 3?
-279
In base 15, what is -9d + 1?
-9c
In base 14, what is -9 - -32?
27
In base 16, what is 2f + -2?
2d
In base 7, what is -41 - -43?
2
In base 3, what is -12 + -10?
-22
In base 8, what is -170 - 4?
-174
In base 12, what is 48 - 164?
-118
In base 5, what is -313 - -1001?
133
In base 14, what is 20d9 + -4?
20d5
In base 2, what is -100101101110 - -1001?
-100101100101
In base 12, what is -56 + 34?
-22
In base 4, what is 103323 - -1?
103330
In base 8, what is 331 - 1?
330
In base 5, what is -2013 + 1?
-2012
In base 7, what is -14056 + 1?
-14055
In base 10, what is 8 - 197?
-189
In base 6, what is -141 + 13?
-124
In base 7, what is -2 + -16?
-21
In base 8, what is -16 - 16?
-34
In base 6, what is -3 + -252?
-255
In base 14, what is 4 + -c?
-8
In base 8, what is 7 - 153?
-144
In base 16, what is -4 + -29?
-2d
In base 11, what is -61 + 71?
10
In base 16, what is 0 - -2c?
2c
In base 13, what is 53 + -4?
4c
In base 5, what is 142 - 214?
-22
In base 8, what is 61 + 100?
161
In base 13, what is 5 - -15b?
163
In base 15, what is -a9 + 50?
-59
In base 9, what is 3 - -2305?
2308
In base 3, what is 2121221 - -10?
2122001
In base 6, what is 1 - -54003?
54004
In base 16, what is 7 - 246?
-23f
In base 15, what is 73 + 6?
79
In base 4, what is -11 - 22011?
-22022
In base 11, what is -39 - 5?
-43
In base 12, what is -23 - 8?
-2b
In base 9, what is -1322 + 2?
-1320
In base 2, what is 11 + -10011110?
-10011011
In base 15, what is -526 + 12?
-514
In base 2, what is 110101000 - -100?
110101100
In base 3, what is 220 + -10?
210
In base 7, what is 3 + 533?
536
In base 7, what is 30552 - 4?
30545
In base 11, what is -20a + -4?
-213
In base 9, what is 1 - 105?
-104
In base 6, what is -333 - -5?
-324
In base 7, what is 25 + -1112?
-1054
In base 16, what is -1 + -532?
-533
In base 12, what is 5420 + 1?
5421
In base 6, what is 1215 - 1?
1214
In base 12, what is 6b + -1?
6a
In base 4, what is 11 + -130?
-113
In base 16, what is -3fe + -5?
-403
In base 13, what is -5 - 53?
-58
In base 5, what is 1 - -12101?
12102
In base 7, what is -3 - 24?
-30
In base 8, what is -363 - 40?
-423
In base 12, what is -33 + 5?
-2a
In base 11, what is 15 - -262?
277
In base 5, what is 4 + -223?
-214
In base 13, what is 3 + 55?
58
In base 11, what is 25 + 275?
29a
In base 6, what is -151 - 22?
-213
In base 10, what is -32309 + -2?
-32311
In base 9, what is 5 + 245?
251
In base 14, what is -9 + 588?
57d
In base 3, what is -11 - -100022?
100011
In base 3, what is 21 - 1101?
-1010
In base 13, what is 64 - 0?
64
In base 11, what is 4 + 4934?
4938
In base 2, what is 111011101110 + 0?
111011101110
In base 7, what is -25 + -6?
-34
In base 10, what is 5 + 361?
366
In base 3, what is -2010 + -1?
-2011
In base 2, what is -11101000011 - 1010?
-11101001101
In base 16, what is -2 + -5a?
-5c
In base 15, what is -2 - 5e?
-61
In base 7, what is -1243 - 36?
-1312
In base 16, what is 5 - -600?
605
In base 6, what is 5050 - 0?
5050
In base 2, what is -10001 + 11101?
1100
In base 11, what is -23a + 2?
-238
In base 3, what is 11122111 - 12?
11122022
In base 10, what is 113 + 99?
212
In base 7, what is -6165 + 1?
-6164
In base 14, what is 13 + 11?
24
In base 14, what is 0 - cd6?
-cd6
In base 8, what is -11 + -122?
-133
In base 13, what is 93 - 5?
8b
In base 12, what is -1 + -26?
-27
In base 7, what is 31 - 46?
-15
In base 9, what is -18500 - 5?
-18505
In base 2, what is -10 - -101101?
101011
In base 4, what is 132 + 110?
302
In base 4, what is 1023022 - 1?
1023021
In base 10, what is 46 - 1?
45
In base 5, what is 13103 + 3?
13111
In base 11, what is 2473 + -4?
246a
In base 12, what is -87 + -4?
-8b
In base 13, what is 4 - -8c8?
8cc
In base 14, what is -10 + 208?
1d8
In base 16, what is -471 - 5?
-476
In base 16, what is 3 + -bb?
-b8
In base 8, what is 220 - -6?
226
In base 15, what is -de + 29?
-b5
In base 13, what is -5c - -5?
-57
In base 12, what is 4 - -280?
284
In base 2, what is -10100 - -10011?
-1
In base 8, what is -5 + 6?
1
In base 7, what is 1452 - -6?
1461
In base 12, what is -4 + -7?
-b
In base 4, what is 32 - 331?
-233
In base 14, what is -1 - -211?
210
In base 9, what is 1 - 853?
-852
In base 2, what is 11101100 - 101?
11100111
In base 10, what is -17 - -4?
-13
In base 4, what is 212321 + -101?
212220
In base 10, what is 5 - -43?
48
In base 15, what is -5 - -3bd?
3b8
In base 5, what is 311 + 10?
321
In base 15, what is -6 + 31d?
317
In base 7, what is -20515 - -6?
-20506
In base 13, what is 6 + 8?
11
In base 15, what is 2e + 4?
33
In base 2, what is 101011 - -111111?
1101010
In base 4, what is 3 - -102323?
102332
In base 14, what is -79 - -2?
-77
In base 9, what is -11 - 426?
-437
In base 2, what is 1000010010 - -1?
1000010011
In base 5, what is 212 - 1?
211
In base 13, what is -21 - 1?
-22
In base 8, what is 1 - 105?
-104
In base 13, what is 2 - -21?
23
In base 10, what is 322 + 1?
323
In base 4, what is 10 + 2031?
2101
In base 14, what is -3 - 1d8?
-1db
In base 13, what is -2b3 + -5?
-2b8
In base 4, what is 22 + 30?
112
In base 10, what is 40 - -9?
49
In base 8, what is 1422 + -4?
1416
In base 11, what is -11 + a3?
92
In base 9, what is -1 - -13?
12
In base 16, what is -3 - -2f?
2c
In base 4, what is -110020 + 2?
-110012
In base 2, what is 11 - 11?
0
In base 12, what is 5 - -406?
40b
In base 9, what is 225 + -11?
214
In base 11, what is -1 + -2125?
-2126
In base 3, what is -2 + -20020112?
-20020121
In base 12, what is 710 + a?
71a
In base 13, what is -3 - 121?
-124
In base 9, what is 48187 - 2?
48185
In base 14, what is -9 - -8?
-1
In base 16, what is 4 + af?
b3
In base 4, what is -333 - -1?
-332
In base 7, what is 0 + 4102?
4102
In base 14, what is 9d0 + -1?
9cd
In base 3, what is -2200 - 11?
-2211
In base 8, what is 11200 - -5?
11205
In base 9, what is 41 + -176?
-135
In base 6, what is -50045 - -3?
-50042
In base 12, what is -171a + -2?
-1720
In base 4, what is 120 - 11?
103
In base 13, what is -1107 - -1?
-1106
In base 8, what is -2 - 3362?
-3364
In base 12, what is -1223 + 0?
-1223
In base 12, what is 3 - a7?
-a4
In base 15, what is -3 - -4c?
49
In base 16, what is 3 - -24?
27
In base 14, what is -1a1 - -5?
-19a
In base 11, what is 5 - 49?
-44
In base 15, what is 22a - -d?
238
In base 5, what is 3402 - 1?
3401
In base 14, what is 7 - -c?
15
In base 6, what is -21 + -1?
-22
In base 5, what is 20002 + -3?
14444
In base 13, what is 41 + -118?
-a7
In base 13, what is 97 - -5?
9c
In base 7, what is -32040 + -3?
-32043
In base 3, what is 12022 - 0?
12022
In base 4, what is -103112 - 10?
-103122
In base 15, what is e - 1e6?
-1d7
In base 3, what is 0 - 1020?
-1020
In base 10, what is -1 - 7?
-8
In base 11, what is -3 - 4aa2?
-4aa5
In base 7, what is -461 + 5?
-453
In base 7, what is 5 + 214?
222
In base 14, what is 55 - -5?
5a
In base 4, what is -1 - -2001?
2000
In base 12, what is -71 + -4?
-75
In base 9, what is -2 - -441?
438
In base 5, what is 10 - 2031?
-2021
In base 14, what is 7d3 + -14?
7bd
In base 11